**2 + 3*w + 5. Determine g(k).
15
Suppose 0 = -2*q - j - 3*j + 36, -4*q + 4*j + 60 = 0. Let t = 13 - q. Let f(h) = -2*h**2 - 3*h - 1. Determine f(t).
-10
Let f(r) = r**2 - 7*r - 1. Let p be f(7). Let x = -37 - -56. Let w(t) = 10*t + 1 + 9*t - x*t - 2*t**2. What is w(p)?
-1
Suppose 3*n + 12 = 3, 0 = -4*j - 3*n - 1. Suppose 5*h = q + 13, -j*q = -h - h + 10. Let g(s) = 2*s - 3*s + 1 - s**3 - 4*s**2 + 1. Determine g(q).
-4
Let n(l) = 9*l + 284. Let x be n(-32). Let s(t) = -t**2 - 2*t - 4. What is s(x)?
-12
Suppose 0 = -2*t - 3*h + 7*h + 60, 56 = 2*t - 3*h. Let m = 17 - t. Let a(b) = -b**2 - 7*b - 7. Let d be a(m). Let p(q) = 5*q + 2. Give p(d).
17
Let v(i) = -i**2. Let d(r) = -8*r - 7. Let m(o) = -d(o) - v(o). What is m(-6)?
-5
Let i = -406 + 393. Let w(n) = -11*n**2 - 6*n - 10. Let y = 12 - 6. Let x(k) = -5*k**2 - 3*k - 5. Let h(b) = i*x(b) + y*w(b). Determine h(4).
1
Let i(f) = f - 6. Let o(a) = -a**3 + 11*a**2 - a + 6. Let u be o(11). Let s be 1/u + ((-34)/5 - 0). What is i(s)?
-13
Let k(d) be the third derivative of -d**5/60 - 5*d**4/24 + d**3/3 - 3*d**2. Let f be 9/2*(-90)/(-27). Suppose -f = 3*p + m + 3, 5*m = 4*p + 24. Give k(p).
-4
Let l = 1723 + -1731. Let z(u) = u - 8. Determine z(l).
-16
Let y = -187 + 186. Let k(v) = -2*v. Calculate k(y).
2
Let a(q) = -2*q - 8. Suppose -4*s + 5 = 5*l, -3*l - 11*s = -16*s + 34. Calculate a(l).
-2
Let i be (-4 - -3)/((-2)/2). Let d(q) be the first derivative of -4 - 5/2*q**2 - q. What is d(i)?
-6
Let v(h) be the second derivative of 7*h**5/20 + h**4/6 - h**2/2 + 26*h + 1. Determine v(1).
8
Let b(i) be the first derivative of -11 + 13*i + 1/2*i**2. Give b(-6).
7
Let a(z) be the first derivative of -z**4/24 + 2*z**3/3 - z**2 - 2. Let m(s) be the second derivative of a(s). Let w be (-7)/14*-4*(-3)/(-2). Calculate m(w).
1
Suppose 53*l - 97 - 9 = 0. Let q(k) = -22*k - 1. Calculate q(l).
-45
Let u = 10 - 6. Let k(w) = -16*w - 10*w - 9*w - 1 + 36*w. Give k(u).
3
Let j = -3 - -2. Let w = 36 + -33. Let d(h) = -4*h - 1 - 4*h + 0*h + h**2 + 7*h + 6*h**w. Determine d(j).
-5
Let h(n) = -2*n + 2*n - 10 + n**3 - n**2. Let m(t) = -3*t - 54. Suppose -2*x + 8*x = -108. Let w be m(x). What is h(w)?
-10
Let t(b) = -120*b - 35. Let x(g) = -7*g - 2. Let v(o) = 6*t(o) - 105*x(o). Determine v(2).
30
Let a(n) = 3*n**2 + 5*n - 15. Let j(i) = 4*i**2 + 8*i - 15. Let o(k) = -5*a(k) + 4*j(k). What is o(-5)?
5
Let t = 0 - -8. Let v(o) = o**3 - 6 + 3*o**2 + 1 + 3*o + t. Suppose 3*f = 0, -2*f - f - 6 = 2*u. Give v(u).
-6
Let o = 9 - 1. Let x(k) = -k - 3*k + 3*k + 13 - o. What is x(6)?
-1
Let h(t) = -t**3 + 4*t**2 + t + 3. Let s(g) = 3*g**3 - 8*g**2 - g - 4. Let p(x) = 5*h(x) + 2*s(x). Give p(-3).
7
Let x(w) be the third derivative of w**4/12 + 7*w**3/6 - w**2 + 5. Give x(-7).
-7
Let u(g) = g - 7. Let y(r) = -r + 6. Let a = -157 + 163. Let w(n) = a*y(n) + 5*u(n). Let l = -15 - -10. Give w(l).
6
Let r = -237 - -238. Let a(n) = 10*n**3 + n**2 - n. Calculate a(r).
10
Let q(h) = 24*h + 2. Let b(s) = -17*s - 2. Let a(i) = 7*b(i) + 5*q(i). What is a(3)?
-1
Let f(d) = d**2 + 7*d + 2. Suppose a - 3 = 0, -48 + 9 = 4*p - 5*a. What is f(p)?
-4
Let s be 6/(-4)*4/(-3). Let m(u) = u**2 + 56 - 2*u**3 + u**3 - 54 - s*u + u. Give m(0).
2
Let i(c) be the first derivative of 7*c**2/2 + 3*c + 1. Give i(-1).
-4
Suppose -15*y - 52 = -41*y. Let j(q) be the first derivative of 0*q + y - 1/2*q**2. What is j(4)?
-4
Let x = 17 + -17. Let l(z) = x*z + 3 + z - 5*z + z**2. What is l(4)?
3
Let x(b) = b + 8. Let w be x(-6). Suppose -13 = -3*f + w. Suppose -19 + 49 = f*y. Let r(o) = o**2 - 6*o + 8. Calculate r(y).
8
Suppose -5*o + 8*o - 36 = 0. Let j(i) = o*i**2 - 11*i**2 + 3 + 0 + 5*i. Let p(q) = -q**2 + 5*q + 4. Let k be p(6). Calculate j(k).
-3
Let c(n) = -3*n**3 + 6*n**2 + 3*n - 1. Let k(t) = -13*t**3 + 25*t**2 + 13*t - 3. Suppose 2*s - 7*s - 10 = 0. Let g(q) = s*k(q) + 9*c(q). Determine g(4).
1
Let x = 4509 + -4503. Let w(g) = -5*g**3 - 11*g**2 - 10*g - 8. Let a(l) = 4*l**3 + 10*l**2 + 9*l + 8. Let n(o) = -6*a(o) - 5*w(o). Calculate n(x).
4
Let c(y) = 3*y**3 + y + 2. Let s be 1/2 + 35/14 - 7. Let n(b) = -2*b**3 - b**2 - 3. Let g(p) = s*n(p) - 3*c(p). Calculate g(4).
-6
Let y be (-3 - -9)/(12/(-8)). Let u(b) = b**2 + 5*b + 5. Give u(y).
1
Suppose 68*w - 148 = 70*w. Let m = -70 - w. Let j(z) = 4*z**2 + z**3 - 2*z**3 - z - 2*z. What is j(m)?
-12
Let y be ((-1)/(-2)*0)/(-1). Let l(j) = -j**3. Let m be l(y). Suppose m = -3*h - h. Let t(w) = -w**3 - w**2 + 4. Give t(h).
4
Let p be (-1)/((-4)/(-5) + (20 - 21)). Let f(l) = 6*l + 5. Calculate f(p).
35
Let f be (6 - 10 - -3)*-5. Let y(o) = 2*o**3 - 10*o**2 + 2*o. Calculate y(f).
10
Let z(v) = -v**3 + 16*v**2 - 29*v + 11. Let o(t) = -4*t**2 - 33*t - 40. Let w be o(-6). Determine z(w).
-3
Let i(t) be the third derivative of -t**5/30 - 19*t**4/24 - 5*t**3/6 + 88*t**2. Determine i(-8).
19
Suppose -5*q = j + 8 - 0, 0 = -4*j + 4*q - 8. Let s(i) = 1 + 5*i**2 - 5*i**2 - 2*i - i**2. Calculate s(j).
-2
Let o(m) = m**2 + 12*m - 9. Let s(z) = -z**3 + 65*z**2 - 127*z + 51. Let k be s(63). Calculate o(k).
-9
Suppose -12*v = -7*v - 2*j + 20, 4*v - 4*j + 28 = 0. Let s(g) = 10*g - 5. Give s(v).
-25
Let f(q) = 34 + q - 34. Let m(c) = 10*c + 2. Let y(p) = -5*f(p) + m(p). Calculate y(-5).
-23
Let r(c) = -2*c**3 - c**2 + c + 1. Let q(i) = -i - 5. Let g be q(-4). Let w be 6*(g + (-2)/(-3)). Give r(w).
11
Let w = 6 - 1. Suppose -9 - 2 = -w*l - 3*r, 3*l = -4*r. Let y(z) = z**2 - 4*z - 4. Give y(l).
-4
Suppose 248 = 8*l + 176. Let t(z) = -z**3 + 9*z**2 + 4*z - 13. Calculate t(l).
23
Suppose 5*f = 4*y + 293, -f + y = 2*f - 180. Let k(o) = 2*o + 61 - f. Determine k(-3).
-6
Suppose -n + 4*n + 27 = 0. Let o(h) = -2*h + 1. Let b(t) = 4*t - 3. Let c(l) = n*o(l) - 4*b(l). Calculate c(-5).
-7
Let x(f) = f + 35*f**3 + 49*f**3 - 43*f**3. Calculate x(-1).
-42
Let d(g) be the first derivative of -10 - 1/2*g**2 + 13*g. Calculate d(7).
6
Let d(z) = -5*z. Let n = 47 - 42. Calculate d(n).
-25
Let j(n) = -5 - 2*n + 4 + 4. Let o = 10887 - 10881. Calculate j(o).
-9
Let r(u) = u + 9. Let d(k) = 1. Let v(c) = -c - 19. Let t(b) = 6*d(b) + v(b). Let n(g) = 7*r(g) + 5*t(g). What is n(-6)?
-14
Let y(h) = -12*h + 1. Let m(a) = 2*a**2 + 38*a + 37. Let s be m(-18). Give y(s).
-11
Let b = 39 - 24. Let z be 1 + 16/(-20) + 72/b. Let u(s) = s**2 - 2*s - 7. What is u(z)?
8
Let a(i) = 3*i - 20. Let g(k) = 2*k - 13. Let m(o) = 5*a(o) - 8*g(o). Let f be 51/9 - (-1)/3. Suppose -5*s = -4*q - 20, f*q - s = q - 25. What is m(q)?
9
Let c(b) = -b**2 - 11*b - 10. Suppose -4*l - 2*v = 52, -l - 7 = -4*v + 3*v. Calculate c(l).
-10
Let u be 6/(18/63 + (-50)/28). Let s(g) = -g**3 + 2*g**3 + 3*g**2 - 3*g - 6 - g. Calculate s(u).
-6
Let t(k) = k**3 + 2*k**2 - 2. Let x(w) = w**2 - 2*w - 2. Let a(i) = i**2 - 16*i + 2. Let p be a(16). Let b be x(p). Determine t(b).
-2
Let d(s) = -27*s - 185. Let z be d(-7). Suppose -f + 4 = f. Let c(u) = -3 - 1 - 1 + f*u. Give c(z).
3
Let l(g) = -g**2 + 3*g + 3. Let f be l(3). Let m(r) be the third derivative of r**6/120 - r**5/12 + r**4/24 + r**3/2 - 16*r**2 + 2*r. Give m(f).
-12
Let t(k) = k**3 - k**2 - k + 1. Let a(h) = -h - 5. Let v be a(-2). Let z be (6 - 3/v) + -1. Suppose 4*j + m = 5, j - 3*m + 7 = -z*m. Give t(j).
3
Suppose 3*a = 4 + 8. Let t(m) be the first derivative of 9 - 5/3*m**3 - 4*m + 3*m**2 + 1/4*m**4. Determine t(a).
4
Let r be 0 + 5/((-5)/(-2)). Let u be -3*(-2 + (-2)/(-2)). Let o(p) = p - p**2 + 0 + 2*p**u + 2 - 3. Calculate o(r).
13
Suppose 0 = -5*b - 2*v + 24, 2*v + 3 = 2*b - 1. Let w(j) = -2*j. Let a be w(b). Let m(y) = -y**2 - 8*y - 5. What is m(a)?
-5
Let r(i) be the second derivative of -i**5/20 - 5*i**4/12 + 4*i**3/3 + i**2 + i - 113. What is r(-6)?
-10
Let q = 1176 + -1173. Let i(a) = 2*a. What is i(q)?
6
Let t(l) = -2*l**2 - 2*l + 2. Suppose 0 = -h - h. Suppose v + k - 4*k = -7, h = 2*v - k - 1. Suppose 5*p + 11 = v*m, 4 = 2*m - 2*p + 2. Determine t(m).
-2
Let s(q) = -q**2 - 5*q - 3. Let i(b) = 1. Let p(f) = 5*i(f) + s(f). Let c(h) be the first derivative of p(h). Determine c(-6).
7
Let y(a) be the second derivative of -1/12*a**4 + 2*a**2 + 0 + a + 2/3*a**3. Let h = 73 + -69. What is y(h)?
4
Let g be -4*5/(-210) - 248/(-42). Let a(k) = k**3 - 6*k**2 + 4*k - 2. What is a(g)?
22
Suppose -4 - 3 = -2*t + 3*i, -4*t + 3*i = -11. Let w(r) = 